 2*x - z = 2*q, x + q = 96. Calculate the greatest common factor of x and 19.
19
Suppose 3*o - 7 = -2*z, 3*o = -5*z - o + 35. Calculate the greatest common factor of 22 and z.
11
Let i be ((-36)/9)/(-1 - 1). Calculate the greatest common factor of 16 and i.
2
Suppose 2*a - 45 = 63. Suppose 10 = v - 71. What is the greatest common divisor of v and a?
27
Let d = 5 + -1. Let t(g) = 39*g - 3. Let n be t(d). Suppose -j = -7 - 10. Calculate the greatest common divisor of n and j.
17
Let l(d) = -d**2 + 2*d - 1. Let u be l(1). Let a = -2 - -5. Suppose u = -a*w - 3*r + 108, -2*w + 46 = -r - 26. What is the highest common divisor of 4 and w?
4
Let d(x) = -6*x - 1. Let v be d(-6). Calculate the highest common divisor of v and 280.
35
Let a = 226 + -6. Suppose 2*g + a = 6*g. Suppose 3*y - y - 10 = 0, g = 2*d - y. What is the greatest common factor of 6 and d?
6
Let g = 7 + -4. Let n = 62 - 15. Suppose 3*c - 34 = n. Calculate the highest common divisor of c and g.
3
Let g = -15 - -9. Let h be 2/g - 144/(-27). What is the greatest common divisor of 5 and h?
5
Let b be -3*8/(-6) + 41. Calculate the greatest common factor of b and 30.
15
Suppose 0 = 4*d + 8, -2*q + 2 = q + 5*d. What is the greatest common factor of q and 12?
4
Let x be 41*((-19)/(-17) - (-6)/(-51)). Calculate the greatest common factor of 328 and x.
41
Let v be 15*(12/(-10))/(-3). Suppose -2*o - v = -0. Let u = o - -9. What is the highest common divisor of u and 2?
2
Let i be 23/7 + 2/(-7). Suppose 0 = -4*q - q - 10, -i*q + 2 = z. Let s be 524/6 - z/(-12). Calculate the highest common divisor of s and 8.
8
Let b(k) = k**2 + k - 1. Let l be 3/2*4/3. Let g be b(l). What is the greatest common factor of 1 and g?
1
Suppose -4*m = -14 - 170. Let d = -19 + m. Suppose d - 117 = -5*c. What is the highest common factor of 27 and c?
9
Suppose 0*z + 108 = 3*z. What is the greatest common factor of z and 198?
18
Let a(w) = w**2 - 6*w - 10. Let d be a(8). Calculate the greatest common divisor of 4 and d.
2
Let s = -5 - -19. Calculate the highest common divisor of s and 98.
14
Let p = 22 + 3. Suppose -5*w + 4*w = -p. Calculate the highest common divisor of 25 and w.
25
Let y = 4 + -3. Let u = 8 + -4. Suppose -u*s + 13 = -23. What is the highest common factor of y and s?
1
Let q = -156 - -177. Calculate the greatest common factor of 168 and q.
21
Let t(j) = 2*j**2 - 1. Let g be t(-1). Suppose 6*m = 7*m - g. What is the greatest common factor of m and 5?
1
Let o(m) = 7*m - 2. Let s be o(1). Suppose -2*y = -s*h + 7, -51 = -4*y + 4*h - 7*h. Calculate the highest common divisor of y and 81.
9
Let f = 242 - 170. Suppose -2*m = v, 5*v + 6*m - 3*m - 21 = 0. Suppose -v + 18 = c + 4*b, 2*c + 5*b = 21. What is the highest common factor of c and f?
8
Let z(y) = 9*y**2 + 2*y + 23. Let i(b) = 5*b**2 + b + 12. Let o(x) = 11*i(x) - 6*z(x). Let d be o(-5). What is the greatest common factor of 16 and d?
8
Let s(z) be the second derivative of 4*z**3/3 - 8*z**2 - 2*z. Let i be s(14). Calculate the highest common divisor of i and 12.
12
Let g = -9 - -34. Calculate the highest common divisor of g and 10.
5
Let b be 8/6*(-6)/(-4). Suppose -12 = -n - 2*n. Let m(h) = h**3 - 3*h**2 - 2*h - 4. Let k be m(n). Calculate the highest common divisor of k and b.
2
Suppose 4*u = -3*o + 6 - 3, 3*u - 4*o + 4 = 0. Suppose -y + 117 = -u*y. What is the highest common divisor of y and 13?
13
Let y = -18 + 36. Let w = y - 7. What is the highest common factor of 99 and w?
11
Suppose 1 = -3*j - 8. Let b = 11 + j. Suppose 2*c + 5*k - 3*k + b = 0, 0 = -4*k - 20. Calculate the greatest common factor of 3 and c.
1
Suppose -2*r + 12 = r. Suppose -j - w - 116 = -5*j, -j = -3*w - 40. Calculate the highest common factor of j and r.
4
Suppose -2*q + 29 = -25. What is the greatest common factor of q and 9?
9
Suppose -5*u + 4*m = -188, 0 = -4*u + 3*u - 4*m + 52. Calculate the highest common divisor of u and 40.
40
Suppose -s - 3*m - 9 = 0, 5*s = -m - 11 + 36. What is the greatest common divisor of 18 and s?
6
Let x be (-7)/(((-3)/6 + 0)/1). What is the highest common factor of x and 35?
7
Let z be 164/8 + (-1)/2. Calculate the greatest common divisor of z and 20.
20
Let t(i) = -i + 20. Let g be t(16). Calculate the greatest common factor of 4 and g.
4
Let o be 9*2 - (3 + (-3 - -1)). Calculate the greatest common divisor of 68 and o.
17
Let a(q) = -19*q**3 - 2*q - 1. Let n be a(-1). Let y(f) = -f**2 - 6*f + 65. Let p be y(-11). What is the highest common factor of n and p?
10
Let y = 11 + 9. Let t(k) = k**3 + 4*k**2 - k + 1. Let u be t(-5). Let v = 27 + u. Calculate the greatest common factor of v and y.
4
Suppose -290 = -2*m - 2*o, 2*m + 2*m + 3*o = 575. Let w = m - 68. Calculate the greatest common divisor of w and 9.
9
Let b be (-1 - (-72)/(-20))*-5. Let v = 24 - b. Calculate the highest common factor of v and 9.
1
Suppose g = 4*g - 108. Let v(w) = 2*w + 12. Let q be v(6). Calculate the highest common divisor of q and g.
12
Let i(h) = -h**2 - 8*h - 5. Let n be i(-5). Suppose u - n = -2. Suppose 0 = -3*f + 2*l + u, -2*l - 2 = -4*f + 8. What is the greatest common factor of 2 and f?
2
Suppose 134 = 7*i - 314. What is the highest common divisor of 16 and i?
16
Let r(s) = 22*s**2 - 1. Let v be r(-1). Suppose -2*z = 2*l - 50, -4*l + 3*l = 5*z - 41. What is the greatest common divisor of l and v?
21
Suppose 11*h = 5*h + 378. What is the greatest common divisor of 7 and h?
7
Let a be (2 - 0/(-1)) + 4. Let v = -80 - -140. Calculate the highest common factor of v and a.
6
Let s(c) = c**3 + 5*c**2 - 3*c. Let q = 18 + -22. Let d be s(q). What is the highest common factor of 252 and d?
28
Let y be ((-16)/(-6))/((-2)/(-6)). Let q be 4/8*-2 - -89. What is the greatest common factor of y and q?
8
Let d(h) = -h + 2. Let r be d(5). Let z = -137 + 87. Let m be z/r*(-18)/(-15). What is the highest common factor of m and 80?
20
Let f = 28 + -44. Let c = f - -31. What is the greatest common factor of 6 and c?
3
Let y be (-9)/(-2)*24/18. Calculate the highest common factor of y and 6.
6
Let o = 21 + -11. Let q be -2*(-2)/16*8. Suppose 0*t = -5*t - 15, -14 = -q*z - 2*t. What is the highest common divisor of z and o?
10
Let g = 17 + -11. Calculate the highest common factor of g and 6.
6
Let o(v) = 4*v + 1. Suppose -1 = y - 2*y. Let s be o(y). Let f(a) = 2*a**2 + 6*a + 4. Let c be f(s). Calculate the greatest common divisor of c and 12.
12
Let p(l) = 4*l + 2. Let j be p(7). Let v(r) = r - 3. Let b be v(9). Calculate the greatest common factor of b and j.
6
Let g be (-40 - -1) + 3 + -6. Let r be 1/6 - 6419/g. What is the greatest common divisor of r and 17?
17
Suppose -5*r + 25 = 2*w, -3*w + 28 = -0*r - 2*r. What is the greatest common divisor of w and 50?
10
Let n = -118 + 145. Calculate the greatest common factor of 216 and n.
27
Let m be 4*-3*1/(-3). Suppose m*i - 211 = 149. What is the highest common factor of 18 and i?
18
Suppose 0*v + 16 = 2*v. Let m = -6 - -13. Suppose m = g - v. Calculate the highest common divisor of 10 and g.
5
Let b be (32/12)/((-2)/(-15)). What is the highest common factor of 220 and b?
20
Suppose -5*d = 4*l - 50, -2 = d + 2*l - 12. Let k(u) be the second derivative of -15*u**3 + u. Let n be k(-1). Calculate the highest common factor of d and n.
10
Suppose -31 = -5*p + 84. What is the greatest common factor of 69 and p?
23
Let l = 32 + -12. What is the greatest common factor of l and 50?
10
Let y be 2/(-4) + (-147)/18*-3. What is the greatest common factor of y and 3?
3
Let x = -18 - -32. Let u be ((-36)/x)/(12/(-56)). What is the greatest common divisor of u and 36?
12
Let i(m) = -m**3 - 5*m**2 + 9*m + 7. Let y be i(-7). Suppose -8*j - 18 = -11*j. Calculate the highest common factor of y and j.
6
Let s(n) = n**2 + 2*n - 5. Let u(y) = -y**3 + 7*y**2 - 2*y + 9. Let f be u(7). Let r be s(f). What is the greatest common factor of 4 and r?
2
Let v = 68 + -20. What is the greatest common factor of 60 and v?
12
Let c = 1 + 9. Let w be (-16)/(-40) + 146/c. What is the greatest common factor of w and 10?
5
Let i(k) = -13*k + 2. Let q be i(-10). What is the greatest common factor of q and 12?
12
Suppose g - 15 = -5*d, -4*d - d - 15 = -2*g. What is the highest common factor of g and 15?
5
Let p(w) be the second derivative of -w**3/6 + w**2 - w. Let v be p(2)